{"id":144,"date":"2010-09-22T19:51:59","date_gmt":"2010-09-22T19:51:59","guid":{"rendered":"http:\/\/www.bernhardgerber.ch\/wp2\/?page_id=144"},"modified":"2010-11-16T09:20:53","modified_gmt":"2010-11-16T09:20:53","slug":"recherche-bosnien-herzegowina","status":"publish","type":"page","link":"http:\/\/www.bernhardgerber.ch\/wp2\/?page_id=144","title":{"rendered":"Recherche Bosnien Herzegowina"},"content":{"rendered":"<p><strong>Geschichte des Projekts &#8222;Der behelmte Mann &#8211; Kriegserfahrungen eine Spurensuche&#8220;<\/strong><\/p>\n<p>Bernhard Gerber baute erste Installationen zum Thema Krieg und Gewalt w\u00e4hrend dem Krieg in Bosnien 1995.<br \/>\nDie Wirren rund um den Irakkrieg, waren ausschlaggebend f\u00fcr die Begr\u00fcndung des Ausstellungsprojekts  \u201eDer behelmte Mann\u201c. Anl\u00e4sslich einer ersten Ausstellung im Kornhausforum Bern 2003 wurden Stenogramme von Lukas Hartmann und Objekte und Installationen von Bernhard Gerber ausgestellt. Anl\u00e4sslich des Kirchensonntags 2004 zum Thema \u201eGewalt eine m\u00e4chtige Herausforderung\u201c wurde das Ausstellungsprojekt in adaptierter Form erneut \u00f6ffentlich pr\u00e4sentiert. Als Erweiterung erarbeitete die Performerin C\u00e9cile Keller in Zusammenarbeit mit Bernhard Gerber eine Performance zum Thema.<br \/>\n2005 wurde das Projekt \u201eDer behelmte Mann: Kriegserfahrungen \u2013 eine Spurensuche\u201c  mit dem F\u00f6rderpreis KUNSTSCHUB ausgezeichnet. Mit  dem Preisgeld reisten Bernhard Gerber und C\u00e9cile Keller nach Bosnien-Herzegowina. Im August 2005 wurden die Ergebnisse der k\u00fcnstlerischen Recherche in Bosnien in der Galerie Atelier Worb ausgestellt.<\/p>\n<p>Zu den Kunstschaffenden:<br \/>\n<span style=\"text-decoration: underline;\">C\u00e9cile Keller<\/span> ist T\u00e4nzerin und Tanzp\u00e4dagogin und befasst sich seit \u00fcber 20 Jahren mit Ausdruckstanz in den verschiedensten Formen. Neben ihrer p\u00e4dagogischen T\u00e4tigkeit hat sie diverse Projekte in den Bereichen Moderne Dance, Videoperformance, Choreografie und K\u00f6rpersprache realisiert. Seit 2003 arbeitet sie auch mit dem bildenden K\u00fcnstler Bernhard Gerber zusammen.<br \/>\n<span style=\"text-decoration: underline;\">Bernhard Gerber<\/span> ist freischaffender K\u00fcnstler und nimmt an Kunstprojekten im In- und Ausland teil. Neben dem konkreten plastischen Schaffen erarbeitet er Gemeinschaftsprojekte zu gesellschaftspolitischen Themen in teilweiser Zusammenarbeit mit anderen Kunstschaffenden. Verschieden Arbeiten wurden \u00f6ffentlich unterst\u00fctzt und angekauft.<\/p>\n<ul>\n<li><a href=\"http:\/\/www.bernhardgerber.ch\/wp2\/wp-content\/uploads\/51_pdf\/reisebericht_bo_01.pdf\" target=\"_blank\">Reisebericht von Bernhard Gerber als PDF<\/a><\/li>\n<li><a href=\"http:\/\/www.bernhardgerber.ch\/wp2\/wp-content\/uploads\/51_pdf\/reisebericht_bo_02.pdf\" target=\"_blank\">Reisebericht von C\u00e9cile Keller als PDF<\/a><\/li>\n<\/ul>\n<p><img loading=\"lazy\" src=\"http:\/\/www.bernhardgerber.ch\/wp2\/wp-content\/uploads\/09_bosnien\/bosnien_01.jpg\" alt=\"\" width=\"640\" height=\"480\" \/><\/p>\n<p><img loading=\"lazy\" src=\"http:\/\/www.bernhardgerber.ch\/wp2\/wp-content\/uploads\/09_bosnien\/bosnien_02.jpg\" alt=\"\" width=\"640\" height=\"480\" \/><\/p>\n<p><img loading=\"lazy\" src=\"http:\/\/www.bernhardgerber.ch\/wp2\/wp-content\/uploads\/09_bosnien\/bosnien_03.jpg\" alt=\"\" width=\"640\" height=\"480\" \/><\/p>\n<p><img loading=\"lazy\" src=\"http:\/\/www.bernhardgerber.ch\/wp2\/wp-content\/uploads\/09_bosnien\/bosnien_04.jpg\" alt=\"\" width=\"640\" height=\"480\" \/><\/p>\n<p><img loading=\"lazy\" src=\"http:\/\/www.bernhardgerber.ch\/wp2\/wp-content\/uploads\/09_bosnien\/bosnien_05.jpg\" alt=\"\" width=\"640\" height=\"480\" \/><\/p>\n<p><img loading=\"lazy\" src=\"http:\/\/www.bernhardgerber.ch\/wp2\/wp-content\/uploads\/09_bosnien\/bosnien_06.jpg\" alt=\"\" width=\"640\" height=\"480\" \/><\/p>\n<p><img loading=\"lazy\" src=\"http:\/\/www.bernhardgerber.ch\/wp2\/wp-content\/uploads\/09_bosnien\/bosnien_07.jpg\" alt=\"\" width=\"640\" height=\"480\" \/><\/p>\n<p><img loading=\"lazy\" src=\"http:\/\/www.bernhardgerber.ch\/wp2\/wp-content\/uploads\/09_bosnien\/bosnien_08.jpg\" alt=\"\" width=\"640\" height=\"480\" \/><\/p>\n<p><img loading=\"lazy\" src=\"http:\/\/www.bernhardgerber.ch\/wp2\/wp-content\/uploads\/09_bosnien\/bosnien_09.jpg\" alt=\"\" width=\"640\" height=\"480\" \/><\/p>\n<p><img loading=\"lazy\" src=\"http:\/\/www.bernhardgerber.ch\/wp2\/wp-content\/uploads\/09_bosnien\/bosnien_10.jpg\" alt=\"\" width=\"640\" height=\"550\" \/><\/p>\n<p><img loading=\"lazy\" src=\"http:\/\/www.bernhardgerber.ch\/wp2\/wp-content\/uploads\/09_bosnien\/bosnien_11.jpg\" alt=\"\" width=\"640\" height=\"480\" \/><\/p>\n<p><img loading=\"lazy\" src=\"http:\/\/www.bernhardgerber.ch\/wp2\/wp-content\/uploads\/09_bosnien\/bosnien_12.jpg\" alt=\"\" width=\"640\" height=\"480\" \/><\/p>\n<p><img loading=\"lazy\" src=\"http:\/\/www.bernhardgerber.ch\/wp2\/wp-content\/uploads\/09_bosnien\/bosnien_13.jpg\" alt=\"\" width=\"640\" height=\"550\" \/><\/p>\n<p><img loading=\"lazy\" src=\"http:\/\/www.bernhardgerber.ch\/wp2\/wp-content\/uploads\/09_bosnien\/bosnien_14.jpg\" alt=\"\" width=\"640\" height=\"480\" \/><\/p>\n<p><img loading=\"lazy\" src=\"http:\/\/www.bernhardgerber.ch\/wp2\/wp-content\/uploads\/09_bosnien\/bosnien_15.jpg\" alt=\"\" width=\"640\" height=\"480\" \/><\/p>\n","protected":false},"excerpt":{"rendered":"<p>Geschichte des Projekts &#8222;Der behelmte Mann &#8211; Kriegserfahrungen eine Spurensuche&#8220; Bernhard Gerber baute erste Installationen zum Thema Krieg und Gewalt w\u00e4hrend dem Krieg in Bosnien 1995. Die Wirren rund um den Irakkrieg, waren ausschlaggebend f\u00fcr die Begr\u00fcndung des Ausstellungsprojekts \u201eDer &hellip; <a href=\"http:\/\/www.bernhardgerber.ch\/wp2\/?page_id=144\">Weiterlesen <span class=\"meta-nav\">&rarr;<\/span><\/a><\/p>\n","protected":false},"author":1,"featured_media":0,"parent":0,"menu_order":0,"comment_status":"closed","ping_status":"open","template":"","meta":[],"_links":{"self":[{"href":"http:\/\/www.bernhardgerber.ch\/wp2\/index.php?rest_route=\/wp\/v2\/pages\/144"}],"collection":[{"href":"http:\/\/www.bernhardgerber.ch\/wp2\/index.php?rest_route=\/wp\/v2\/pages"}],"about":[{"href":"http:\/\/www.bernhardgerber.ch\/wp2\/index.php?rest_route=\/wp\/v2\/types\/page"}],"author":[{"embeddable":true,"href":"http:\/\/www.bernhardgerber.ch\/wp2\/index.php?rest_route=\/wp\/v2\/users\/1"}],"replies":[{"embeddable":true,"href":"http:\/\/www.bernhardgerber.ch\/wp2\/index.php?rest_route=%2Fwp%2Fv2%2Fcomments&post=144"}],"version-history":[{"count":12,"href":"http:\/\/www.bernhardgerber.ch\/wp2\/index.php?rest_route=\/wp\/v2\/pages\/144\/revisions"}],"predecessor-version":[{"id":606,"href":"http:\/\/www.bernhardgerber.ch\/wp2\/index.php?rest_route=\/wp\/v2\/pages\/144\/revisions\/606"}],"wp:attachment":[{"href":"http:\/\/www.bernhardgerber.ch\/wp2\/index.php?rest_route=%2Fwp%2Fv2%2Fmedia&parent=144"}],"curies":[{"name":"wp","href":"https:\/\/api.w.org\/{rel}","templated":true}]}}

<p><strong>Geschichte des Projekts &#8222;Der behelmte Mann &#8211; Kriegserfahrungen eine Spurensuche&#8220;</strong></p>
<p>Bernhard Gerber baute erste Installationen zum Thema Krieg und Gewalt während dem Krieg in Bosnien 1995.<br />
Die Wirren rund um den Irakkrieg, waren ausschlaggebend für die Begründung des Ausstellungsprojekts  „Der behelmte Mann“. Anlässlich einer ersten Ausstellung im Kornhausforum Bern 2003 wurden Stenogramme von Lukas Hartmann und Objekte und Installationen von Bernhard Gerber ausgestellt. Anlässlich des Kirchensonntags 2004 zum Thema „Gewalt eine mächtige Herausforderung“ wurde das Ausstellungsprojekt in adaptierter Form erneut öffentlich präsentiert. Als Erweiterung erarbeitete die Performerin Cécile Keller in Zusammenarbeit mit Bernhard Gerber eine Performance zum Thema.<br />
2005 wurde das Projekt „Der behelmte Mann: Kriegserfahrungen – eine Spurensuche“  mit dem Förderpreis KUNSTSCHUB ausgezeichnet. Mit  dem Preisgeld reisten Bernhard Gerber und Cécile Keller nach Bosnien-Herzegowina. Im August 2005 wurden die Ergebnisse der künstlerischen Recherche in Bosnien in der Galerie Atelier Worb ausgestellt.</p>
<p>Zu den Kunstschaffenden:<br />
<span style="text-decoration: underline;">Cécile Keller</span> ist Tänzerin und Tanzpädagogin und befasst sich seit über 20 Jahren mit Ausdruckstanz in den verschiedensten Formen. Neben ihrer pädagogischen Tätigkeit hat sie diverse Projekte in den Bereichen Moderne Dance, Videoperformance, Choreografie und Körpersprache realisiert. Seit 2003 arbeitet sie auch mit dem bildenden Künstler Bernhard Gerber zusammen.<br />
<span style="text-decoration: underline;">Bernhard Gerber</span> ist freischaffender Künstler und nimmt an Kunstprojekten im In- und Ausland teil. Neben dem konkreten plastischen Schaffen erarbeitet er Gemeinschaftsprojekte zu gesellschaftspolitischen Themen in teilweiser Zusammenarbeit mit anderen Kunstschaffenden. Verschieden Arbeiten wurden öffentlich unterstützt und angekauft.</p>
<ul>
<li><a href="http://www.bernhardgerber.ch/wp2/wp-content/uploads/51_pdf/reisebericht_bo_01.pdf" target="_blank">Reisebericht von Bernhard Gerber als PDF</a></li>
<li><a href="http://www.bernhardgerber.ch/wp2/wp-content/uploads/51_pdf/reisebericht_bo_02.pdf" target="_blank">Reisebericht von Cécile Keller als PDF</a></li>
</ul>
<p><img loading="lazy" src="http://www.bernhardgerber.ch/wp2/wp-content/uploads/09_bosnien/bosnien_01.jpg" alt="" width="640" height="480" /></p>
<p><img loading="lazy" src="http://www.bernhardgerber.ch/wp2/wp-content/uploads/09_bosnien/bosnien_02.jpg" alt="" width="640" height="480" /></p>
<p><img loading="lazy" src="http://www.bernhardgerber.ch/wp2/wp-content/uploads/09_bosnien/bosnien_03.jpg" alt="" width="640" height="480" /></p>
<p><img loading="lazy" src="http://www.bernhardgerber.ch/wp2/wp-content/uploads/09_bosnien/bosnien_04.jpg" alt="" width="640" height="480" /></p>
<p><img loading="lazy" src="http://www.bernhardgerber.ch/wp2/wp-content/uploads/09_bosnien/bosnien_05.jpg" alt="" width="640" height="480" /></p>
<p><img loading="lazy" src="http://www.bernhardgerber.ch/wp2/wp-content/uploads/09_bosnien/bosnien_06.jpg" alt="" width="640" height="480" /></p>
<p><img loading="lazy" src="http://www.bernhardgerber.ch/wp2/wp-content/uploads/09_bosnien/bosnien_07.jpg" alt="" width="640" height="480" /></p>
<p><img loading="lazy" src="http://www.bernhardgerber.ch/wp2/wp-content/uploads/09_bosnien/bosnien_08.jpg" alt="" width="640" height="480" /></p>
<p><img loading="lazy" src="http://www.bernhardgerber.ch/wp2/wp-content/uploads/09_bosnien/bosnien_09.jpg" alt="" width="640" height="480" /></p>
<p><img loading="lazy" src="http://www.bernhardgerber.ch/wp2/wp-content/uploads/09_bosnien/bosnien_10.jpg" alt="" width="640" height="550" /></p>
<p><img loading="lazy" src="http://www.bernhardgerber.ch/wp2/wp-content/uploads/09_bosnien/bosnien_11.jpg" alt="" width="640" height="480" /></p>
<p><img loading="lazy" src="http://www.bernhardgerber.ch/wp2/wp-content/uploads/09_bosnien/bosnien_12.jpg" alt="" width="640" height="480" /></p>
<p><img loading="lazy" src="http://www.bernhardgerber.ch/wp2/wp-content/uploads/09_bosnien/bosnien_13.jpg" alt="" width="640" height="550" /></p>
<p><img loading="lazy" src="http://www.bernhardgerber.ch/wp2/wp-content/uploads/09_bosnien/bosnien_14.jpg" alt="" width="640" height="480" /></p>
<p><img loading="lazy" src="http://www.bernhardgerber.ch/wp2/wp-content/uploads/09_bosnien/bosnien_15.jpg" alt="" width="640" height="480" /></p>

<p>Geschichte des Projekts &#8222;Der behelmte Mann &#8211; Kriegserfahrungen eine Spurensuche&#8220; Bernhard Gerber baute erste Installationen zum Thema Krieg und Gewalt während dem Krieg in Bosnien 1995. Die Wirren rund um den Irakkrieg, waren ausschlaggebend für die Begründung des Ausstellungsprojekts „Der &hellip; <a href="http://www.bernhardgerber.ch/wp2/?page_id=144">Weiterlesen <span class="meta-nav">&rarr;</span></a></p>
