{"id":16,"date":"2010-09-18T11:35:49","date_gmt":"2010-09-18T11:35:49","guid":{"rendered":"http:\/\/www.bernhardgerber.ch\/wp2\/?page_id=16"},"modified":"2019-06-28T11:33:04","modified_gmt":"2019-06-28T11:33:04","slug":"kontakt","status":"publish","type":"page","link":"http:\/\/www.bernhardgerber.ch\/wp2\/?page_id=16","title":{"rendered":"Kontakt"},"content":{"rendered":"<p>Bernhard Gerber \u00a0 \u00a0 \u00a0 \u00a0 \u00a0 \u00a0 \u00a0 \u00a0 \u00a0 \u00a0 \u00a0 \u00a0 \u00a0 \u00a0 \u00a0 \u00a0 \u00a0 \u00a0 \u00a0 \u00a0 \u00a0 \u00a0 \u00a0 \u00a0 \u00a0 \u00a0 \u00a0 \u00a0 \u00a0 \u00a0 \u00a0 \u00a0 \u00a0 \u00a0 \u00a0 \u00a0 \u00a0 \u00a0 \u00a0 \u00a0 \u00a0 \u00a0 \u00a0 \u00a0 \u00a0 \u00a0 \u00a0 \u00a0 \u00a0 \u00a0 \u00a0 \u00a0 \u00a0 \u00a0 \u00a0 \u00a0 \u00a0 \u00a0 \u00a0 \u00a0 \u00a0 \u00a0 \u00a0 \u00a0 Alte Filzfabrik M\u00fcnsingen\u00a0\u00a0\u00a0\u00a0\u00a0\u00a0\u00a0\u00a0\u00a0\u00a0\u00a0\u00a0\u00a0\u00a0\u00a0\u00a0\u00a0\u00a0\u00a0\u00a0\u00a0\u00a0\u00a0\u00a0\u00a0\u00a0\u00a0\u00a0\u00a0\u00a0\u00a0\u00a0\u00a0\u00a0\u00a0\u00a0\u00a0\u00a0\u00a0\u00a0\u00a0\u00a0\u00a0\u00a0\u00a0\u00a0\u00a0\u00a0\u00a0\u00a0\u00a0\u00a0\u00a0\u00a0\u00a0\u00a0\u00a0\u00a0\u00a0\u00a0\u00a0\u00a0\u00a0\u00a0\u00a0\u00a0\u00a0\u00a0\u00a0\u00a0\u00a0\u00a0\u00a0\u00a0\u00a0\u00a0\u00a0\u00a0\u00a0\u00a0\u00a0\u00a0\u00a0\u00a0\u00a0\u00a0\u00a0\u00a0\u00a0\u00a0\u00a0\u00a0\u00a0\u00a0\u00a0\u00a0\u00a0\u00a0\u00a0\u00a0\u00a0\u00a0 Industriestrasse 4\u00a0\u00a0\u00a0\u00a0\u00a0\u00a0\u00a0\u00a0\u00a0\u00a0\u00a0\u00a0\u00a0\u00a0\u00a0\u00a0\u00a0\u00a0\u00a0\u00a0\u00a0\u00a0\u00a0\u00a0\u00a0\u00a0\u00a0\u00a0\u00a0\u00a0\u00a0\u00a0\u00a0\u00a0\u00a0\u00a0\u00a0\u00a0\u00a0\u00a0\u00a0\u00a0\u00a0\u00a0\u00a0\u00a0\u00a0\u00a0\u00a0\u00a0\u00a0\u00a0\u00a0\u00a0\u00a0\u00a0\u00a0\u00a0\u00a0\u00a0\u00a0\u00a0\u00a0\u00a0\u00a0\u00a0\u00a0\u00a0\u00a0\u00a0\u00a0\u00a0\u00a0\u00a0\u00a0\u00a0\u00a0\u00a0\u00a0\u00a0\u00a0\u00a0\u00a0\u00a0\u00a0\u00a0\u00a0\u00a0\u00a0\u00a0\u00a0\u00a0\u00a0\u00a0\u00a0\u00a0\u00a0\u00a0\u00a0\u00a0\u00a0\u00a0\u00a0\u00a0\u00a0\u00a0\u00a0\u00a0\u00a0\u00a0\u00a0\u00a0\u00a0\u00a0\u00a0\u00a0\u00a0\u00a0\u00a0\u00a0\u00a0\u00a0\u00a0\u00a0\u00a0\u00a0\u00a0 CH &#8211; 3110 M\u00fcnsingen\u00a0\u00a0\u00a0\u00a0\u00a0\u00a0\u00a0\u00a0\u00a0\u00a0\u00a0\u00a0\u00a0\u00a0\u00a0\u00a0\u00a0\u00a0\u00a0\u00a0\u00a0\u00a0\u00a0\u00a0\u00a0\u00a0\u00a0\u00a0\u00a0\u00a0\u00a0\u00a0\u00a0\u00a0\u00a0\u00a0\u00a0\u00a0\u00a0\u00a0\u00a0\u00a0\u00a0\u00a0\u00a0\u00a0\u00a0\u00a0\u00a0\u00a0\u00a0\u00a0\u00a0\u00a0\u00a0\u00a0\u00a0\u00a0\u00a0\u00a0\u00a0\u00a0\u00a0\u00a0\u00a0\u00a0\u00a0\u00a0\u00a0\u00a0\u00a0\u00a0\u00a0\u00a0\u00a0\u00a0\u00a0\u00a0\u00a0\u00a0\u00a0\u00a0\u00a0\u00a0\u00a0\u00a0\u00a0\u00a0\u00a0\u00a0\u00a0\u00a0\u00a0\u00a0\u00a0\u00a0\u00a0\u00a0\u00a0\u00a0\u00a0\u00a0\u00a0\u00a0\u00a0\u00a0\u00a0\u00a0\u00a0\u00a0\u00a0\u00a0\u00a0\u00a0\u00a0\u00a0\u00a0\u00a0\u00a0\u00a0 +41 (0)79 292 81 15<\/p>\n<ul>\n<li><a href=\"mailto:info@bernhardgerber.ch\" target=\"_blank\">info@bernhardgerber.ch<\/a><\/li>\n<\/ul>\n<p><span style=\"color: #ff0000;\">Copyright Bernhard Gerber<\/span><\/p>\n<p>Jede private oder gewerbliche Weiterverwendung oder Verbreitung der auf diesen Seiten dargestellten Inhalte, Abbildungen und Designvorlagen ist ohne ausdr\u00fcckliche, schriftliche Genehmigung von Bernhard Gerber untersagt.<\/p>\n<p>Haftungshinweis<\/p>\n<p>Sollte auf diesen Seiten eine Urheberrechtsverletzung durch die rechtswidrige Verwendung von Logos und Markenzeichen vorliegen, werden diese nach Benachrichtigung sofort entfernt oder entsprechend dem Urheberrecht gekennzeichnet. Trotz sorgf\u00e4ltiger inhaltlicher Kontrolle \u00fcbernimmt Bernhard Gerber keine Haftung f\u00fcr die Inhalte externer Links. F\u00fcr den Inhalt der verlinkten Seiten sind ausschliesslich deren Betreiber verantwortlich.<\/p>\n","protected":false},"excerpt":{"rendered":"<p>Bernhard Gerber \u00a0 \u00a0 \u00a0 \u00a0 \u00a0 \u00a0 \u00a0 \u00a0 \u00a0 \u00a0 \u00a0 \u00a0 \u00a0 \u00a0 \u00a0 \u00a0 \u00a0 \u00a0 \u00a0 \u00a0 \u00a0 \u00a0 \u00a0 \u00a0 \u00a0 \u00a0 \u00a0 \u00a0 \u00a0 \u00a0 \u00a0 \u00a0 \u00a0 \u00a0 \u00a0 \u00a0 \u00a0 \u00a0 &hellip; <a href=\"http:\/\/www.bernhardgerber.ch\/wp2\/?page_id=16\">Weiterlesen <span class=\"meta-nav\">&rarr;<\/span><\/a><\/p>\n","protected":false},"author":1,"featured_media":0,"parent":0,"menu_order":0,"comment_status":"closed","ping_status":"closed","template":"","meta":[],"_links":{"self":[{"href":"http:\/\/www.bernhardgerber.ch\/wp2\/index.php?rest_route=\/wp\/v2\/pages\/16"}],"collection":[{"href":"http:\/\/www.bernhardgerber.ch\/wp2\/index.php?rest_route=\/wp\/v2\/pages"}],"about":[{"href":"http:\/\/www.bernhardgerber.ch\/wp2\/index.php?rest_route=\/wp\/v2\/types\/page"}],"author":[{"embeddable":true,"href":"http:\/\/www.bernhardgerber.ch\/wp2\/index.php?rest_route=\/wp\/v2\/users\/1"}],"replies":[{"embeddable":true,"href":"http:\/\/www.bernhardgerber.ch\/wp2\/index.php?rest_route=%2Fwp%2Fv2%2Fcomments&post=16"}],"version-history":[{"count":28,"href":"http:\/\/www.bernhardgerber.ch\/wp2\/index.php?rest_route=\/wp\/v2\/pages\/16\/revisions"}],"predecessor-version":[{"id":918,"href":"http:\/\/www.bernhardgerber.ch\/wp2\/index.php?rest_route=\/wp\/v2\/pages\/16\/revisions\/918"}],"wp:attachment":[{"href":"http:\/\/www.bernhardgerber.ch\/wp2\/index.php?rest_route=%2Fwp%2Fv2%2Fmedia&parent=16"}],"curies":[{"name":"wp","href":"https:\/\/api.w.org\/{rel}","templated":true}]}}

<p>Bernhard Gerber                                                                                                                                 Alte Filzfabrik Münsingen                                                                                                       Industriestrasse 4                                                                                                                                CH &#8211; 3110 Münsingen                                                                                                                         +41 (0)79 292 81 15</p>
<ul>
<li><a href="mailto:info@bernhardgerber.ch" target="_blank">info@bernhardgerber.ch</a></li>
</ul>
<p><span style="color: #ff0000;">Copyright Bernhard Gerber</span></p>
<p>Jede private oder gewerbliche Weiterverwendung oder Verbreitung der auf diesen Seiten dargestellten Inhalte, Abbildungen und Designvorlagen ist ohne ausdrückliche, schriftliche Genehmigung von Bernhard Gerber untersagt.</p>
<p>Haftungshinweis</p>
<p>Sollte auf diesen Seiten eine Urheberrechtsverletzung durch die rechtswidrige Verwendung von Logos und Markenzeichen vorliegen, werden diese nach Benachrichtigung sofort entfernt oder entsprechend dem Urheberrecht gekennzeichnet. Trotz sorgfältiger inhaltlicher Kontrolle übernimmt Bernhard Gerber keine Haftung für die Inhalte externer Links. Für den Inhalt der verlinkten Seiten sind ausschliesslich deren Betreiber verantwortlich.</p>
