{"id":22,"date":"2010-09-18T11:36:17","date_gmt":"2010-09-18T11:36:17","guid":{"rendered":"http:\/\/www.bernhardgerber.ch\/wp2\/?page_id=22"},"modified":"2023-06-06T08:19:58","modified_gmt":"2023-06-06T08:19:58","slug":"zur-person","status":"publish","type":"page","link":"http:\/\/www.bernhardgerber.ch\/wp2\/?page_id=22","title":{"rendered":"Zur Person"},"content":{"rendered":"<p><strong>Kurzbiografie <\/strong><strong>| Curriculum vitae<br \/>\n<\/strong><\/p>\n<p><strong>Raum f\u00fcr meine Kunst ist \u00fcberall dort, wo in mir etwas angeregt, angestossen, an- oder aufgekratzt wird. F\u00fcr meine Projekte suche ich wiederkehrend den \u00f6ffentlichen Raum. Der \u00f6ffentliche Raum ist\u00a0 freie Wildbahn wo sich das Leben in seiner Vielfalt manifestiert. Ich arbeite oft\u00a0 situationsbezogen und orientiere mich gerne an \u00f6rtlichen Gegebenheiten.<\/strong><\/p>\n<p>Bernhard Gerber ist in Biglen im Emmental aufgewachsen. Diverse Auslandaufenthalte. Die Arbeiten von Bernhard Gerber befassen sich mit sozialpolitischen Themen, wiederkehrend in Cooperation mit anderen Kuntsschaffenden. Zu seinem Schaffen geh\u00f6ren plastische Arbeiten, Druckgrafiken, Skizzen, Installationen und Interventionen. Wohnhaft in Bern mit Atelier in M\u00fcnsingen.<\/p>\n<p><strong>I find room for my art wherever something in me is stimulated, nudged, touched or scratched. For my projects I often look for the public space. Public space is free and wild. Its the Place where life manifests itself in all its diversity. I tend to work related to local hotspots.<\/strong><\/p>\n<p>Bernhard Gerber was born in in Biglen, Emmental. Varios projects abrod. Bernard Gerber designs projects on socio-political issues often in cooperation with other artists. His oeuvre includes sculptural works, prints, sketches, installations and interventions. He lives in Bern with a studio in M\u00fcnsingen.<\/p>\n<p><strong>Einzel- und Gruppenausstellungen | Symposien (Auswahl)<\/strong><strong><br \/>\n<\/strong> <strong>Solo and group exhibitions | symposiums (selection)<\/strong><\/p>\n<p><b>2023<\/b><\/p>\n<p>\u2022 Einzelausstellung Galerie Atelier Worb, Worb<\/p>\n<p><b>2022<\/b><\/p>\n<p>\u2022 Weihnachtsausstellung Galerie Atelier Worb, Worb<\/p>\n<p><b>2022<\/b><\/p>\n<p>\u2022 Au Joli Mois de Mai, &#8222;Hidden agenda&#8220;, Alte Krone, Biel\/Bienne<\/p>\n<p><b>2019<\/b><\/p>\n<p>\u2022 Kunstort Villa Mettlen, Muri bei Bern<\/p>\n<p><b>2018<\/b><\/p>\n<p>\u2022 Au Joli Mois de Mai, &#8222;Cooperations&#8220; D. Rigoli u. B. Gerber, Alte Krone, Biel\/Bienne<\/p>\n<p><b>2016<\/b><\/p>\n<p>\u2022 Skulpturenausstellung, Park Villa Mettlen, Muri &#8211; Bern<\/p>\n<p>\u2022 Kunst im Fluss, Kunstgesellschaft Interlaken KGI, Interlaken<\/p>\n<p><b>2015<\/b><\/p>\n<p>\u2022 Intervention in der Aare (Eichholz), Bern<\/p>\n<p>\u2022 Journal B, Kunst-Stafette Nr. 28<\/p>\n<p>\u2022 Intervention in der Aare, Bern<strong><br \/>\n<\/strong><\/p>\n<p>\u2022 K\u00fcnstlerische Recherche, Venedig, Italien<\/p>\n<p><b>2014<\/b><\/p>\n<p>\u2022 Pavillon Tribschenhorn, Gruppenausstellung, Luzern<\/p>\n<p>\u2022 K\u00fcnstlerische Recherche, Waffenstillstandslinie, Panmunjom, S\u00fcdkorea<\/p>\n<p>\u2022 Nationale Gruppenausstellung, JETZT KUNST N\u00b04, Marzili Bern<\/p>\n<p><b>2013<\/b><\/p>\n<p>\u2022 Intern. Environment Symposium, Akaa, Finnland<\/p>\n<p>\u2022 Einzelausstellung, Galerie Kulturhof Schloss K\u00f6niz<\/p>\n<p>\u2022 Gruppenausstellung g5, gepard14, Bern<\/p>\n<p><b>2012<\/b><\/p>\n<p>\u2022 5th Tbilissi Intern. Contemporary Art Exhibition, &#8222;The Protest that Never Ends&#8220;, Georgian National Museum, Tbilisi History Museum<\/p>\n<p>\u2022 CentrePasquArt (Espace Libre und Kunsthaus), INVASION, Performance, Biel \/ Bienne<\/p>\n<p>\u2022 28th International Festival Sarajevo &#8222;Sarajevo Winter 2012&#8220;, Bosnien und Herzogowina<\/p>\n<p><b>2011<\/b><\/p>\n<p>\u2022 International Art Symposium NINE DRAGON HEADS \u201e3PAW\u201d Biel \/ Bienne<\/p>\n<p>\u2022 16th International Art Symposium NINE DRAGON HEADS \u201eChamagodo 2011\u201d, China \u2013 Tibet\u00a0\u00a0\u00a0 \u2013 Nepal<\/p>\n<p>\u2022 Projektgalerie \u201egepard14\u201c Bern, Gruppenprojekt mit 12 K\u00fcnstlern zum Thema \u201eKunst entsteht im Kunstraum \u2013 also ist alles was im Kunstraum entsteht Kunst?\u201d<\/p>\n<p><b>2010<\/b><\/p>\n<p>\u2022 Projektgalerie \u201egepard14\u201c Bern, architektonische Intervention zum Thema \u201eExperimentRaum!\u201d, Einzelausstellung (Katalog)<\/p>\n<p>\u2022 \u201ebernersalon\u201c visarte.galerie bern, Gruppenausstellung, PROGR Bern<\/p>\n<p><b>2009<\/b><\/p>\n<p>\u2022 SKULPTURA Glarus 09, CH-Gruppenausstellung (Katalog)<\/p>\n<p>\u2022 Kunst &#8211; Projekt, Psycho-Neurologisches-Internat Nr.3, St. Petersburg, Russland<\/p>\n<p><b>2008<\/b><\/p>\n<p>\u2022 JETZTKUNST, Gesamtschweizerische Skulpturenausstellung Sch\u00fcpfen (Katalog)<\/p>\n<p>\u2022 Mus\u00e9e d\u2019art et d\u2019histoire de Neuch\u00e2tel, Nationale Ausstellung zum Thema \u201e-+-+-+ Fronti\u00e8res \u2013 Grenzen \u2013 Frontiere -+-+-+ 08\u201c (Katalog)<\/p>\n<p>\u2022 Kulturm\u00fchle L\u00fctzelfl\u00fch, Gruppenausstellung<\/p>\n<p><b>2007<\/b><\/p>\n<p>\u2022 \u201e\u00fcberdenkmal.07\u201c Bremgarten bei Bern, Ausstellung zum Thema \u201e\u00fcberg\u00e4nge\u201c (Katalog)<\/p>\n<p><b>2006<\/b><\/p>\n<p>\u2022 Skulpturenausstellung \u201eund\u2026\u201c M\u00fcnsingen, 40 Kunstschaffende pr\u00e4sentieren ihre Arbeiten in Parkanlagen der Gemeinde (Katalog)<b>\u00a0\u00a0\u00a0\u00a0\u00a0\u00a0 <\/b><\/p>\n<p><b>\u00a02005<\/b><\/p>\n<p>\u2022 \u201eDer behelmte Mann: Kriegserfahrungen \u2013 eine Spurensuche\u201c, Pr\u00e4sentation der k\u00fcnstlerischen Recherche in Bosnien, Atelier Worb, (Katalog)<\/p>\n<p>\u2022 \u201eDer behelmte Mann: Kriegserfahrungen \u2013 eine Spurensuche\u201c, k\u00fcnstlerische Recherche in Sarajevo und Srebrenica, F\u00f6rderpreis<\/p>\n<p>\u2022 Skulpturenweg Nidau-Port, \u201eRencontres, Begegnung \u201c (Katalog)<\/p>\n<p>\u2022 Ehemalige USM Werkstatt, M\u00fcnsingen, Einzelausstellung zum Thema \u201eMaske, Gesicht, Antlitz\u201c (Katalog)<\/p>\n<p><b>2004<\/b><\/p>\n<p>\u2022 K.U.L.T\u2013Projekt \u201esag\u2019 und grab\u2019 mal\u201d, europ\u00e4isches Bildhauersymposium, Westwendischer Kunstverein e. V., Gartow, Deutschland (Katalog)<\/p>\n<p>\u2022 \u201eDer behelmte Mann\u201c, Kirche Meikirch, Performance, Texte, Installationen und Objekte zum Thema Krieg und Gewalt mit C\u00e9cile Keller<\/p>\n<p><b>2003<\/b><\/p>\n<p>\u2022 \u201eDer behelmte Mann\u201c, eine Ausstellung zum Thema Krieg und Gewalt, Kornhausforum Bern, mit Lukas Hartmann und Margrit Rieben<\/p>\n<p>\u2022 Kulturm\u00fchle L\u00fctzelfl\u00fch, Gruppenausstellung<\/p>\n<p><strong>Werkbeitr\u00e4ge<\/strong><br \/>\nGemeinde Schlosswil | Gemeinde Arnis\u00e4ge | Lions Club | EDA, Kompetenzzentrum f\u00fcr Kulturaussenpolitik | Amtf\u00fcr Kultur Kanton Bern | Gemeinde K\u00f6niz | KulturStadtBern | Kultursekretariat Gemeinde K\u00f6niz | Pro Helvetia | Gemeinde M\u00fcnsingen | Burgergemeinde Bern<\/p>\n<p><strong>Mitgliedschaft<\/strong><br \/>\nvisarte, Berufsverband visuelle Kunst, Schweiz<br \/>\nI.A.A. UNESCO, Association Internationale des Arts Plastiques<br \/>\nSchweizerisches Institut f\u00fcr Kunstwissenschaft SIKART<\/p>\n<p><strong>Auszeichnung<\/strong><br \/>\nStipendium , F\u00f6rderpreis KUNSTSCHUB 2004, Atelier Worb<br \/>\nK\u00fcnstlerische Recherche in Bosnien und Herzegowina \/ Kriegserfahrungen \u2013 eine Spurensuche<\/p>\n<p><strong>Publikation<\/strong><br \/>\n<span style=\"color: #ff0000;\">\u201eDer behelmte Mann: Kriegserfahrungen \u2013 eine Spurensuche\u201c Ein Ausstellungsprojekt zum Thema Krieg und Gewalt<br \/>\n<\/span> Vorwort:\u00a0\u00a0\u00a0\u00a0\u00a0\u00a0\u00a0\u00a0\u00a0\u00a0\u00a0\u00a0\u00a0\u00a0\u00a0\u00a0\u00a0\u00a0\u00a0\u00a0\u00a0\u00a0\u00a0\u00a0\u00a0\u00a0\u00a0\u00a0\u00a0\u00a0\u00a0\u00a0\u00a0\u00a0\u00a0\u00a0\u00a0\u00a0\u00a0\u00a0 Wolf Linder, Politologe<\/p>\n<p>Leittexte:\u00a0\u00a0\u00a0\u00a0\u00a0\u00a0\u00a0\u00a0\u00a0\u00a0\u00a0\u00a0\u00a0\u00a0\u00a0\u00a0\u00a0\u00a0\u00a0\u00a0\u00a0\u00a0\u00a0\u00a0\u00a0\u00a0\u00a0\u00a0\u00a0\u00a0\u00a0\u00a0\u00a0\u00a0\u00a0\u00a0\u00a0\u00a0\u00a0 Elisabeth K\u00e4stli, Autorin u. Balkankennerin \u00a0\u00a0 \u00a0\u00a0\u00a0\u00a0\u00a0\u00a0\u00a0\u00a0\u00a0\u00a0\u00a0\u00a0\u00a0\u00a0\u00a0\u00a0\u00a0\u00a0\u00a0\u00a0\u00a0\u00a0\u00a0\u00a0\u00a0\u00a0\u00a0\u00a0\u00a0\u00a0\u00a0\u00a0\u00a0\u00a0\u00a0\u00a0\u00a0\u00a0\u00a0\u00a0\u00a0\u00a0\u00a0\u00a0\u00a0\u00a0\u00a0\u00a0\u00a0\u00a0\u00a0\u00a0\u00a0\u00a0\u00a0\u00a0\u00a0 Annemarie Maag, Kunstberichterstatterin \/ Max Schl\u00e4fli, Atelier Worb<br \/>\nTexte:\u00a0\u00a0\u00a0\u00a0\u00a0\u00a0\u00a0\u00a0\u00a0\u00a0\u00a0\u00a0\u00a0\u00a0\u00a0\u00a0\u00a0\u00a0\u00a0\u00a0\u00a0\u00a0\u00a0\u00a0\u00a0\u00a0\u00a0\u00a0\u00a0\u00a0\u00a0\u00a0\u00a0\u00a0\u00a0\u00a0\u00a0\u00a0\u00a0\u00a0\u00a0\u00a0\u00a0\u00a0\u00a0 Lukas Hartmann, Bernhard Gerber, C\u00e9cile Keller<br \/>\nFotos, Grafik u. Layout:\u00a0\u00a0\u00a0\u00a0\u00a0\u00a0\u00a0\u00a0\u00a0\u00a0\u00a0\u00a0\u00a0 Kurt Bleuer (Grafiker), Bernhard Gerber, C\u00e9cile Keller<\/p>\n<p>Druck:\u00a0\u00a0\u00a0\u00a0\u00a0\u00a0\u00a0\u00a0\u00a0\u00a0\u00a0\u00a0\u00a0\u00a0\u00a0\u00a0\u00a0\u00a0\u00a0\u00a0\u00a0\u00a0\u00a0\u00a0\u00a0\u00a0\u00a0\u00a0\u00a0\u00a0\u00a0\u00a0\u00a0\u00a0\u00a0\u00a0\u00a0\u00a0\u00a0\u00a0\u00a0\u00a0\u00a0\u00a0 freiburger graphische betriebe D \u2013 79121 Feiburg \u00a0\u00a0\u00a0\u00a0\u00a0\u00a0\u00a0\u00a0\u00a0\u00a0\u00a0\u00a0\u00a0\u00a0\u00a0\u00a0\u00a0\u00a0\u00a0\u00a0\u00a0\u00a0\u00a0\u00a0\u00a0\u00a0\u00a0\u00a0\u00a0\u00a0\u00a0\u00a0\u00a0\u00a0\u00a0\u00a0\u00a0\u00a0\u00a0\u00a0\u00a0\u00a0\u00a0\u00a0\u00a0\u00a0\u00a0\u00a0\u00a0\u00a0\u00a0\u00a0\u00a0\u00a0\u00a0\u00a0 Auflage: 700 St\u00fcck<\/p>\n<p><span style=\"color: #ff0000;\">Experiment Raum! \/ Experiment with space!<\/span><br \/>\nVorwort:\u00a0\u00a0\u00a0\u00a0\u00a0\u00a0\u00a0\u00a0\u00a0\u00a0\u00a0\u00a0\u00a0\u00a0\u00a0\u00a0\u00a0\u00a0\u00a0\u00a0\u00a0\u00a0\u00a0\u00a0\u00a0\u00a0\u00a0\u00a0\u00a0\u00a0\u00a0\u00a0\u00a0\u00a0\u00a0\u00a0\u00a0\u00a0\u00a0 Michael Sutter, Kunsthistoriker, Luzern<br \/>\nISBN:\u00a0\u00a0\u00a0\u00a0\u00a0\u00a0\u00a0\u00a0\u00a0\u00a0\u00a0\u00a0\u00a0\u00a0\u00a0\u00a0\u00a0\u00a0\u00a0\u00a0\u00a0\u00a0\u00a0\u00a0\u00a0\u00a0\u00a0\u00a0\u00a0\u00a0\u00a0\u00a0\u00a0\u00a0\u00a0\u00a0\u00a0\u00a0\u00a0\u00a0\u00a0\u00a0\u00a0\u00a0 978-3-033-03256-9<br \/>\nSponsoren:\u00a0\u00a0\u00a0\u00a0\u00a0\u00a0\u00a0\u00a0\u00a0\u00a0\u00a0\u00a0\u00a0\u00a0\u00a0\u00a0\u00a0\u00a0\u00a0\u00a0\u00a0\u00a0\u00a0\u00a0\u00a0\u00a0\u00a0\u00a0\u00a0\u00a0\u00a0\u00a0\u00a0\u00a0 Burgergemeinde Bern, gepard14<br \/>\nLayout, Lektorat und Fotos:\u00a0\u00a0\u00a0\u00a0 Stefan Eggenberg, Fabiana Baettig, Marco Giacomoni,\u00a0\u00a0\u00a0\u00a0\u00a0 \u00a0 \u00a0 \u00a0 \u00a0 \u00a0 \u00a0 \u00a0 \u00a0 \u00a0 \u00a0 \u00a0 \u00a0 \u00a0 \u00a0 \u00a0 \u00a0 \u00a0 \u00a0 \u00a0 \u00a0 \u00a0 \u00a0 \u00a0 \u00a0 \u00a0 \u00a0 \u00a0 \u00a0 \u00a0\u00a0\u00a0 Bernhard Gerber, Michael Sutter<\/p>\n<p>Druck:\u00a0\u00a0\u00a0\u00a0\u00a0\u00a0\u00a0\u00a0\u00a0\u00a0\u00a0\u00a0\u00a0\u00a0\u00a0\u00a0\u00a0\u00a0\u00a0\u00a0\u00a0\u00a0\u00a0\u00a0\u00a0\u00a0\u00a0\u00a0\u00a0\u00a0\u00a0\u00a0\u00a0\u00a0\u00a0\u00a0\u00a0\u00a0\u00a0\u00a0\u00a0\u00a0 freiburger graphische betriebe D \u2013 79121 Feiburg\u00a0\u00a0\u00a0\u00a0\u00a0\u00a0\u00a0\u00a0\u00a0\u00a0\u00a0\u00a0\u00a0\u00a0\u00a0\u00a0\u00a0\u00a0\u00a0\u00a0 \u00a0 \u00a0 \u00a0 \u00a0 \u00a0\u00a0 \u00a0\u00a0\u00a0\u00a0\u00a0\u00a0\u00a0\u00a0\u00a0\u00a0\u00a0\u00a0\u00a0\u00a0\u00a0\u00a0\u00a0\u00a0\u00a0\u00a0\u00a0\u00a0\u00a0\u00a0\u00a0\u00a0\u00a0\u00a0\u00a0\u00a0\u00a0\u00a0\u00a0\u00a0\u00a0\u00a0\u00a0\u00a0\u00a0\u00a0\u00a0\u00a0\u00a0 Auflage: 500 St\u00fcck<\/p>\n<p><span style=\"color: #ff0000;\">\u00a0<\/span><\/p>\n<p><strong>Arbeiten im \u00f6ffentlichen Raum<\/strong><\/p>\n<ul>\n<li>Stiftung B\u00e4chtelen, Wabern, Bern (Plastik)<\/li>\n<li>Gemeinde K\u00f6niz, Altersheim Lilienweg K\u00f6niz (Plastik)<\/li>\n<li>Gemeinde K\u00f6niz \/ Friedh\u00f6fe K\u00f6niz, Wabern, Oberwangen u. Niederscherli\u00a0\u00a0\u00a0\u00a0\u00a0\u00a0\u00a0\u00a0\u00a0\u00a0\u00a0 (Dreiteilige kubische K\u00f6rper bei den Zug\u00e4ngen der Geimeinschaftsgr\u00e4ber)<\/li>\n<li>Gemeinde K\u00f6niz \/ Friedhof K\u00f6niz (Monument beim Engels- und Kindergemeinschaftsgrab)<\/li>\n<li>Poppenhausen Kunstmeile, (Objekte in den Jahren 2002 \/ 2003 \/ 2005)<\/li>\n<li>Nachhaltigkeitsweg Gemeinde Arni, Rotiholz 1999 (Plastik)<\/li>\n<li>S\u00fcdkorea 2002, (open air installation)<\/li>\n<li>Gemeinde Schlosswil, (Bild)<\/li>\n<\/ul>\n","protected":false},"excerpt":{"rendered":"<p>Kurzbiografie | Curriculum vitae Raum f\u00fcr meine Kunst ist \u00fcberall dort, wo in mir etwas angeregt, angestossen, an- oder aufgekratzt wird. F\u00fcr meine Projekte suche ich wiederkehrend den \u00f6ffentlichen Raum. Der \u00f6ffentliche Raum ist\u00a0 freie Wildbahn wo sich das Leben &hellip; <a href=\"http:\/\/www.bernhardgerber.ch\/wp2\/?page_id=22\">Weiterlesen <span class=\"meta-nav\">&rarr;<\/span><\/a><\/p>\n","protected":false},"author":1,"featured_media":0,"parent":0,"menu_order":0,"comment_status":"closed","ping_status":"closed","template":"","meta":[],"_links":{"self":[{"href":"http:\/\/www.bernhardgerber.ch\/wp2\/index.php?rest_route=\/wp\/v2\/pages\/22"}],"collection":[{"href":"http:\/\/www.bernhardgerber.ch\/wp2\/index.php?rest_route=\/wp\/v2\/pages"}],"about":[{"href":"http:\/\/www.bernhardgerber.ch\/wp2\/index.php?rest_route=\/wp\/v2\/types\/page"}],"author":[{"embeddable":true,"href":"http:\/\/www.bernhardgerber.ch\/wp2\/index.php?rest_route=\/wp\/v2\/users\/1"}],"replies":[{"embeddable":true,"href":"http:\/\/www.bernhardgerber.ch\/wp2\/index.php?rest_route=%2Fwp%2Fv2%2Fcomments&post=22"}],"version-history":[{"count":48,"href":"http:\/\/www.bernhardgerber.ch\/wp2\/index.php?rest_route=\/wp\/v2\/pages\/22\/revisions"}],"predecessor-version":[{"id":980,"href":"http:\/\/www.bernhardgerber.ch\/wp2\/index.php?rest_route=\/wp\/v2\/pages\/22\/revisions\/980"}],"wp:attachment":[{"href":"http:\/\/www.bernhardgerber.ch\/wp2\/index.php?rest_route=%2Fwp%2Fv2%2Fmedia&parent=22"}],"curies":[{"name":"wp","href":"https:\/\/api.w.org\/{rel}","templated":true}]}}